ivided by 24.
22
Let o(n) = -2*n**2 - 78*n + 537. Let g = -36 - -50. What is the remainder when o(-44) is divided by g?
13
Let z(j) = -j**3 + j + 11. Suppose -15 = -i + 4*b - b, i = 2*b + 14. Let s = 6 + i. Calculate the remainder when s is divided by z(0).
7
Let g be ((-4)/6)/(8/(-24)). Suppose -9 - 1 = g*l, c + l - 1 = 0. Suppose -18 = c*i - 7*i. Calculate the remainder when i is divided by 4.
2
Suppose 4*r - 84 = 56. Let w = 64 - r. Suppose 24 = -s + 5*s. Calculate the remainder when w is divided by s.
5
Calculate the remainder when 696 is divided by ((-568)/(-22))/((-306)/(-1683)).
128
Let y(n) = -36*n + 475. What is the remainder when y(3) is divided by 188?
179
Let u be (-28)/6*6/(-7). Suppose 4*q = -5*i - u - 0, -2*q = -5*i - 28. What is the remainder when 157 is divided by 354/9 + q/6?
37
Let d(m) = 6*m + 13. Let b(r) = 19*r + 39. Let t(y) = -3*b(y) + 8*d(y). Suppose -3*c + 364 = c. Calculate the remainder when c is divided by t(-4).
22
Let r(b) = 16*b + 136. Let k be r(-8). Suppose -k + 35 = 9*z. What is the remainder when (-3)/12 - 82/(-8) is divided by z?
1
Let k = 2145 - 2126. Calculate the remainder when k is divided by 3.
1
Suppose 4 = 9*a + 31, -f + 3*a = -714. What is the remainder when f is divided by 59?
56
Suppose -5*s + 306 = -659. Suppose 5*v + 5*p - 45 = 0, -2*v = -5*p + 56 - 109. Calculate the remainder when s is divided by v.
11
Let v = -450 - -453. Suppose 0 = -0*j + 4*j - 5*h - 129, 5*j = v*h + 158. What is the remainder when 113 is divided by j?
20
Let y be ((-912)/(-80) + -9)/((-2)/(-215)). Calculate the remainder when y*1*(-152)/(-228) is divided by 11.
7
Suppose -8*t + 268 - 92 = 0. Let f(l) = 2*l**2 - 10*l + 8. What is the remainder when f(-9) is divided by t?
18
Suppose 2*a - 104 = -2*x, 8*x - 480 + 119 = 3*a. What is the remainder when 1133 is divided by x?
5
Suppose -5772*u + 5743*u + 6322 = 0. What is the remainder when 2832 is divided by u?
216
Suppose 33331 = 22*s - 13727. What is the remainder when s is divided by 126?
123
Suppose 0 = 4*y - 695 - 461. Suppose -4*r + y = 2*s + 3*s, 3*s - 166 = 5*r. Let u = 107 - s. Calculate the remainder when u is divided by 13.
11
Suppose 0 = 17*j - 2190 - 2519. Let q = -150 + j. What is the remainder when q is divided by 44?
39
Let m(r) = r**2 - 34*r + 208. Let g be m(7). Suppose 2880 = -10*h + g*h. What is the remainder when h is divided by 14?
12
Suppose 0 = -80*w + 76*w. Suppose 0 = 4*c + b - 31, w*c - 2*b - 19 = -c. What is the remainder when 24 is divided by c?
6
Suppose -3*c - 2*x + 19 = 0, -c - 21*x = -19*x - 1. Calculate the remainder when 2/2*-1 + 87 is divided by c.
5
Suppose 0 = -0*n + n - 2, 0 = -y - 2*n + 211. Suppose 2*r = 5*r - y. Calculate the remainder when r is divided by ((-12)/(-8) + -2)*-20.
9
Suppose -3*p = -8*p + 105. Suppose 11 = -5*v + p. What is the remainder when 95 is divided by 7 + 10 + (-1 + v - 1)?
10
Suppose 3*m + 3*h = -56 + 284, 4*m + 3*h - 301 = 0. What is the remainder when 287 is divided by m?
68
Let b = -31603 + 32289. What is the remainder when b is divided by 30?
26
Let j = -6363 - -6377. What is the remainder when 31 is divided by j?
3
Suppose -2 = 2*w - 2. Suppose 0*f + 3*f = w. Suppose 5*k - 2*g = 2*g + 39, f = -5*g + 20. What is the remainder when k is divided by 9?
2
Let n(l) = -11*l**3 + 9*l**2 + 16*l + 5. Let s(x) = -13*x**3 + 8*x**2 + 16*x + 5. Let h(c) = 6*n(c) - 5*s(c). What is the remainder when 70 is divided by h(15)?
10
Let n be 3 - (-17)/((-102)/180). Calculate the remainder when 104 is divided by -12*(n/3 - -6).
32
Suppose 0 = -62*k - 34907 - 14383. Let u = -691 - k. What is the remainder when u is divided by 34?
2
Calculate the remainder when 26/(-221) - (-59236)/68 is divided by 18.
7
Suppose 2*t - 4*k - 1418 = 0, -59*t + 60*t - k = 713. Calculate the remainder when t is divided by 103.
99
Suppose 0 = 97*g + 8833 - 80128. Calculate the remainder when g is divided by 123.
120
Let m = -52845 + 53093. Let u(d) = 10*d**3 + 3*d - 3. What is the remainder when m is divided by u(2)?
82
Let y = 117 - 64. Let g(r) = 34*r + 1232. What is the remainder when y is divided by g(-36)?
5
Suppose 337*n - 335*n = 164. Suppose -60*x - n = -62*x. Calculate the remainder when x is divided by 24.
17
Let p = 87 - 83. Let b = 36 + p. Calculate the remainder when b is divided by 10.
0
Suppose 10 = -5*p, n + 2*n = -4*p - 383. What is the remainder when (107/5)/((-25)/n) is divided by 19?
12
Let x = 28706 - 28265. What is the remainder when x is divided by 147?
0
Suppose -22*z - 14*z = -2*z. Let k = 32 + z. Calculate the remainder when 125 is divided by k.
29
What is the remainder when 847 is divided by 45/10*(-44)/(-66)?
1
Suppose -4*b + l + 63 = -27, -4 = -2*l. Let s(p) = p**2 - 44*p - 1269. What is the remainder when s(66) is divided by b?
22
Let a(s) = -476*s - 2449. Calculate the remainder when a(-6) is divided by 24.
23
Suppose -3*a = 4*y - 140, -5*a - y - 4*y + 235 = 0. Let v = 13 + -9. Suppose p - 4*d = -v + 9, -p - 2*d + 35 = 0. What is the remainder when a is divided by p?
23
Let c(k) be the first derivative of 11*k**3/3 - 4*k**2 + 19*k - 111. Calculate the remainder when c(4) is divided by 52.
7
Suppose -5*y - 90 = 75. Let h = 42 + y. Let x(f) = f**2 - 5*f - 2. Calculate the remainder when x(h) is divided by 7.
6
Suppose 20*x = 14*x + 462. Suppose 9*i + 2*i - 55 = 0. Suppose -3*f - 5*v + 38 = -7*v, i*f - 4*v = 66. Calculate the remainder when x is divided by f.
7
Let y = -2830 - -2940. Calculate the remainder when 490 is divided by y.
50
Let m(g) = 54*g**2 + 12*g + 26. Suppose 2*q = -5*n - 0*q + 103, 2*q + 49 = 3*n. Calculate the remainder when m(-2) is divided by n.
9
Let w(f) = -f + 8. Let i be w(6). Suppose 3*x - i*a = 185, 4*a = 3*x + a - 186. What is the remainder when x is divided by 17?
10
Let g = -194 - -195. Let b(l) = 47*l**2 - 5*l + 1. Calculate the remainder when b(g) is divided by 27.
16
Suppose 0 = 2*u + 8*u - 30*u + 2220. Calculate the remainder when 409 is divided by u.
76
What is the remainder when 419 is divided by (-3544)/(-64) + (-6)/7 + 729/1512?
34
Let n be (-27)/54*(1 + -5). Suppose -2*o + 5*x + 0*x + 18 = 0, o - 2*x = 9. Let v = o + n. Calculate the remainder when v is divided by 4.
3
Let c = 13405 - -6925. Calculate the remainder when c is divided by 52.
50
Let z(u) = u**3 + 17*u**2 - 19*u - 6. Let a be z(-18). Suppose -3*x - a = -4*x. Suppose 39 = x*l + 3. Calculate the remainder when l is divided by 1.
0
Suppose 0 = 6*p - 176 + 128. Let x(r) = -2*r**3 + 14*r**2 + 15*r + 16. What is the remainder when 380 is divided by x(p)?
4
Let z(y) = -2*y**3 - 44*y**2 + 67*y + 17. What is the remainder when z(-24) is divided by 12?
5
Let k(b) = -b + 36. Let f be 34/(-3)*(0 + -3). Let w = 54 - f. Calculate the remainder when k(w) is divided by 10.
6
Let y(c) = -2*c**3 - 19*c**2 - 29*c - 168. What is the remainder when 19 is divided by y(-9)?
7
Suppose -7*h + 4*h = f - 32, 3*f = 2*h + 41. Suppose -49 = -4*l - 9. Calculate the remainder when f is divided by l.
7
Let s(x) = x**2 - 7*x - 24. Let d be 3/(-1 + -2)*1 + 36. Suppose -5*v + d = -5*p + 105, 0 = -2*p - 5*v + 7. Calculate the remainder when 59 is divided by s(p).
19
Let b be (0 + (-6)/4)*32/24. Calculate the remainder when 249 is divided by b/(4*(-5)/810) - -5.
77
Let k = -1167 + 1320. Calculate the remainder when k is divided by (9/6)/(3/26).
10
Suppose 0 = -107*s - 24*s + 218016 + 106733. Calculate the remainder when s is divided by 16.
15
Let r(k) = 67*k - 5115. Calculate the remainder when r(82) is divided by 223.
156
Suppose -8367 + 3423 = -8*m. Let r = m - 598. Calculate the remainder when 597 is divided by r.
17
Let v(s) = 1079*s - 16174. Calculate the remainder when 3/9 - (-1257)/9 is divided by v(15).
8
Let i = 33 - 64. Let z = 35 + i. Suppose a - 3*a = -4, -x + 2*a + z = 0. Calculate the remainder when x is divided by 3.
2
Let n(d) be the first derivative of -6*d - 13/2*d**2 + 34. Calculate the remainder when 130 is divided by n(-3).
31
Let m(q) = 0*q**2 + 2*q**2 - 7276*q + 8 + 7232*q. Calculate the remainder when 156 is divided by m(23).
48
Suppose 67*k = 66*k + 5. Suppose 3*q + 4*o - 6*o = 45, -k*o = q - 32. Let g(a) = -a**3 + 13*a**2 + 18*a + 28. What is the remainder when g(14) is divided by q?
16
Suppose -476 - 2248 = -12*d. Let o = 248 - d. Wha